{"id":21,"date":"2019-07-19T11:16:51","date_gmt":"2019-07-19T17:16:51","guid":{"rendered":"http:\/\/innsurhotel.com.mx\/?page_id=21"},"modified":"2021-11-10T00:03:29","modified_gmt":"2021-11-10T06:03:29","slug":"eventos","status":"publish","type":"page","link":"https:\/\/hotelinnsur.com.mx\/?page_id=21","title":{"rendered":"Eventos"},"content":{"rendered":"\n<div class=\"btb-events-page-1\">\n  <div class=\"wrap\">\n\n    <h2> <\/h2>\n\n  <\/div>\n<\/div>\n\n<div class=\"btb-events-page-2\">\n  <div class=\"wrap\">\n    <div class=\"btb-events-div-gallery two-thirds first\">\n      <div class=\"btb-events-gallery-carrousel\">\n        \n\t\t<!-- MasterSlider -->\n\t\t<div id=\"P_MS69fb3486284f0\" class=\"master-slider-parent msl ms-parent-id-12\" style=\"max-width:800px;\">\n\n\t\t\t\n\t\t\t<!-- MasterSlider Main -->\n\t\t\t<div id=\"MS69fb3486284f0\" class=\"master-slider ms-skin-light-2\" >\n\t\t\t\t \t\t\t\t \n\t\t\t\t<div  class=\"ms-slide\" data-delay=\"3\" data-fill-mode=\"fill\"  >\n\t\t\t\t\t<img decoding=\"async\" src=\"https:\/\/hotelinnsur.com.mx\/wp-content\/plugins\/master-slider\/public\/assets\/css\/blank.gif\" alt=\"\" title=\"\" data-src=\"https:\/\/hotelinnsur.com.mx\/wp-content\/uploads\/2019\/09\/Hotel-Inn-Sur-Salo\u0301n-de-Eventos-10.jpg\" \/>\n\n\n\t<img decoding=\"async\" class=\"ms-thumb\" src=\"https:\/\/hotelinnsur.com.mx\/wp-content\/uploads\/2019\/09\/Hotel-Inn-Sur-Salo\u0301n-de-Eventos-10-140x80.jpg\" alt=\"\" \/>\n\t<div class=\"ms-thumb\" ><div class=\"ms-tab-context\"><div class=&quot;ms-tab-context&quot;><\/div><\/div>\n<\/div>\n\t\t\t\t<\/div>\n\t\t\t\t<div  class=\"ms-slide\" data-delay=\"3\" data-fill-mode=\"fill\"  >\n\t\t\t\t\t<img decoding=\"async\" src=\"https:\/\/hotelinnsur.com.mx\/wp-content\/plugins\/master-slider\/public\/assets\/css\/blank.gif\" alt=\"\" title=\"\" data-src=\"https:\/\/hotelinnsur.com.mx\/wp-content\/uploads\/2019\/09\/Hotel-Inn-Sur-Salo\u0301n-de-Eventos-4.jpg\" \/>\n\n\n\t<img decoding=\"async\" class=\"ms-thumb\" src=\"https:\/\/hotelinnsur.com.mx\/wp-content\/uploads\/2019\/09\/Hotel-Inn-Sur-Salo\u0301n-de-Eventos-4-140x80.jpg\" alt=\"\" \/>\n\t<div class=\"ms-thumb\" ><div class=\"ms-tab-context\"><div class=&quot;ms-tab-context&quot;><\/div><\/div>\n<\/div>\n\t\t\t\t<\/div>\n\t\t\t\t<div  class=\"ms-slide\" data-delay=\"3\" data-fill-mode=\"fill\"  >\n\t\t\t\t\t<img decoding=\"async\" src=\"https:\/\/hotelinnsur.com.mx\/wp-content\/plugins\/master-slider\/public\/assets\/css\/blank.gif\" alt=\"\" title=\"\" data-src=\"https:\/\/hotelinnsur.com.mx\/wp-content\/uploads\/2019\/09\/Hotel-Inn-Sur-Salo\u0301n-de-Eventos-6.jpg\" \/>\n\n\n\t<img decoding=\"async\" class=\"ms-thumb\" src=\"https:\/\/hotelinnsur.com.mx\/wp-content\/uploads\/2019\/09\/Hotel-Inn-Sur-Salo\u0301n-de-Eventos-6-140x80.jpg\" alt=\"\" \/>\n\t<div class=\"ms-thumb\" ><div class=\"ms-tab-context\"><div class=&quot;ms-tab-context&quot;><\/div><\/div>\n<\/div>\n\t\t\t\t<\/div>\n\t\t\t\t<div  class=\"ms-slide\" data-delay=\"3\" data-fill-mode=\"fill\"  >\n\t\t\t\t\t<img decoding=\"async\" src=\"https:\/\/hotelinnsur.com.mx\/wp-content\/plugins\/master-slider\/public\/assets\/css\/blank.gif\" alt=\"\" title=\"\" data-src=\"https:\/\/hotelinnsur.com.mx\/wp-content\/uploads\/2019\/09\/Hotel-Inn-Sur-Salo\u0301n-de-Eventos-1.jpg\" \/>\n\n\n\t<img decoding=\"async\" class=\"ms-thumb\" src=\"https:\/\/hotelinnsur.com.mx\/wp-content\/uploads\/2019\/09\/Hotel-Inn-Sur-Salo\u0301n-de-Eventos-1-140x80.jpg\" alt=\"\" \/>\n\t<div class=\"ms-thumb\" ><div class=\"ms-tab-context\"><div class=&quot;ms-tab-context&quot;><\/div><\/div>\n<\/div>\n\t\t\t\t<\/div>\n\t\t\t\t<div  class=\"ms-slide\" data-delay=\"3\" data-fill-mode=\"fill\"  >\n\t\t\t\t\t<img decoding=\"async\" src=\"https:\/\/hotelinnsur.com.mx\/wp-content\/plugins\/master-slider\/public\/assets\/css\/blank.gif\" alt=\"\" title=\"\" data-src=\"https:\/\/hotelinnsur.com.mx\/wp-content\/uploads\/2019\/09\/Hotel-Inn-Sur-Salo\u0301n-de-Eventos-2.jpg\" \/>\n\n\n\t<img decoding=\"async\" class=\"ms-thumb\" src=\"https:\/\/hotelinnsur.com.mx\/wp-content\/uploads\/2019\/09\/Hotel-Inn-Sur-Salo\u0301n-de-Eventos-2-140x80.jpg\" alt=\"\" \/>\n\t<div class=\"ms-thumb\" ><div class=\"ms-tab-context\"><div class=&quot;ms-tab-context&quot;><\/div><\/div>\n<\/div>\n\t\t\t\t<\/div>\n\t\t\t\t<div  class=\"ms-slide\" data-delay=\"3\" data-fill-mode=\"fill\"  >\n\t\t\t\t\t<img decoding=\"async\" src=\"https:\/\/hotelinnsur.com.mx\/wp-content\/plugins\/master-slider\/public\/assets\/css\/blank.gif\" alt=\"\" title=\"\" data-src=\"https:\/\/hotelinnsur.com.mx\/wp-content\/uploads\/2019\/09\/Hotel-Inn-Sur-Salo\u0301n-de-Eventos-11.jpg\" \/>\n\n\n\t<img decoding=\"async\" class=\"ms-thumb\" src=\"https:\/\/hotelinnsur.com.mx\/wp-content\/uploads\/2019\/09\/Hotel-Inn-Sur-Salo\u0301n-de-Eventos-11-140x80.jpg\" alt=\"\" \/>\n\t<div class=\"ms-thumb\" ><div class=\"ms-tab-context\"><div class=&quot;ms-tab-context&quot;><\/div><\/div>\n<\/div>\n\t\t\t\t<\/div>\n\t\t\t\t<div  class=\"ms-slide\" data-delay=\"3\" data-fill-mode=\"fill\"  >\n\t\t\t\t\t<img decoding=\"async\" src=\"https:\/\/hotelinnsur.com.mx\/wp-content\/plugins\/master-slider\/public\/assets\/css\/blank.gif\" alt=\"\" title=\"\" data-src=\"https:\/\/hotelinnsur.com.mx\/wp-content\/uploads\/2019\/09\/Hotel-Inn-Sur-Salo\u0301n-de-Eventos-3.jpg\" \/>\n\n\n\t<img decoding=\"async\" class=\"ms-thumb\" src=\"https:\/\/hotelinnsur.com.mx\/wp-content\/uploads\/2019\/09\/Hotel-Inn-Sur-Salo\u0301n-de-Eventos-3-140x80.jpg\" alt=\"\" \/>\n\t<div class=\"ms-thumb\" ><div class=\"ms-tab-context\"><div class=&quot;ms-tab-context&quot;><\/div><\/div>\n<\/div>\n\t\t\t\t<\/div>\n\n\t\t\t<\/div>\n\t\t\t<!-- END MasterSlider Main -->\n\n\t\t\t \n\t\t<\/div>\n\t\t<!-- END MasterSlider -->\n\n\t\t<script>\n\t\t(function ( $ ) {\n\t\t\t\"use strict\";\n\n\t\t\t$(function () {\n\t\t\t\tvar masterslider_84f0 = new MasterSlider();\n\n\t\t\t\t\/\/ slider controls\n\t\t\t\tmasterslider_84f0.control('arrows'     ,{ autohide:true, overVideo:true  });\n\t\t\t\tmasterslider_84f0.control('thumblist'  ,{ autohide:false, overVideo:true, dir:'h', speed:17, inset:false, arrows:false, hover:false, customClass:'', align:'bottom',type:'thumbs', margin:5, width:140, height:80, space:5, fillMode:'fill'  });\n\t\t\t\t\/\/ slider setup\n\t\t\t\tmasterslider_84f0.setup(\"MS69fb3486284f0\", {\n\t\t\t\t\t\twidth           : 800,\n\t\t\t\t\t\theight          : 480,\n\t\t\t\t\t\tminHeight       : 0,\n\t\t\t\t\t\tspace           : 0,\n\t\t\t\t\t\tstart           : 1,\n\t\t\t\t\t\tgrabCursor      : true,\n\t\t\t\t\t\tswipe           : true,\n\t\t\t\t\t\tmouse           : true,\n\t\t\t\t\t\tlayout          : \"boxed\",\n\t\t\t\t\t\twheel           : false,\n\t\t\t\t\t\tautoplay        : false,\n\t\t\t\t\t\tinstantStartLayers:false,\n\t\t\t\t\t\tloop            : true,\n\t\t\t\t\t\tshuffle         : false,\n\t\t\t\t\t\tpreload         : 0,\n\t\t\t\t\t\theightLimit     : true,\n\t\t\t\t\t\tautoHeight      : false,\n\t\t\t\t\t\tsmoothHeight    : true,\n\t\t\t\t\t\tendPause        : false,\n\t\t\t\t\t\toverPause       : true,\n\t\t\t\t\t\tfillMode        : \"fill\",\n\t\t\t\t\t\tcenterControls  : true,\n\t\t\t\t\t\tstartOnAppear   : false,\n\t\t\t\t\t\tlayersMode      : \"center\",\n\t\t\t\t\t\thideLayers      : false,\n\t\t\t\t\t\tfullscreenMargin: 0,\n\t\t\t\t\t\tspeed           : 20,\n\t\t\t\t\t\tdir             : \"h\",\n\t\t\t\t\t\tparallaxMode    : 'swipe',\n\t\t\t\t\t\tview            : \"basic\"\n\t\t\t\t});\n\n\t\t\t\t\n\t\t\t\twindow.masterslider_instances = window.masterslider_instances || [];\n\t\t\t\twindow.masterslider_instances.push( masterslider_84f0 );\n\t\t\t });\n\n\t\t})(jQuery);\n\t\t<\/script>\n\n\n      <\/div>\n    <\/div>\n\n    <div class=\"btb-events-div-text one-third\">\n      <h2>Contamos con un sal\u00f3n de eventos altamente equipado<\/h2>\n      <h3> Tenemos todo lo que necesitas para realizar eventos de alto nivel, contamos con excelentes equipos de luz y sonido para que no le falte nada a tu evento personal o de negocios. <\/h3>\n    <\/div>\n  <\/div>\n<\/div>\n\n\n<div class=\"btb-events-page-3\">\n  <div class=\"wrap\">\n    <h2>Nuestro sal\u00f3n de eventos cuenta con las siguientes amenidades:<\/h2>\n    <ul>\n      <li>Barra para barman<\/li>\n      <li>Recepci\u00f3n<\/li>\n      <li>Ba\u00f1os para hombres y mujeres<\/li>\n      <li>Sistema de luces profesional<\/li>\n      <li>Equipo de audio<\/li>\n      <li>Pista de baile<\/li>\n    <\/ul>\n  <\/div>\n<\/div>\n\n\n<div class=\"btb-events-page-4\" id=\"contact-events\">\n  <div class=\"wrap\">\n<h3 class=\"btb-section-title\">\nSolicita informes o una cotizaci\u00f3n para tu evento.\n<\/h3>\n<div>\n<p class=\"wpcf7-contact-form-not-found\"><strong>Error:<\/strong> Formulario de contacto no encontrado.<\/p>\n<\/div>\n<div class=\"btb-contact-info\">\n    <a href=\"mailto:reservaciones@hotelinnsur.com.mx\" class=\"btb-mail-info\"><i class=\"fas fa-envelope\"><\/i> reservaciones@hotelinnsur.com.mx<\/a> &nbsp;&nbsp;&nbsp;&nbsp;\n    <a href=\"tel:+525555133738\" class=\"btb-phone-info\"><i class=\"fas fa-mobile-alt\"><\/i> 55 5513  3738<\/a>\n  <\/div>\n  <\/div>\n<\/div>\n","protected":false},"excerpt":{"rendered":"<p>Contamos con un sal\u00f3n de eventos altamente equipado Tenemos todo lo que necesitas para realizar eventos de alto nivel, contamos con excelentes equipos de luz y sonido para que no le falte nada a tu evento personal o de negocios. Nuestro sal\u00f3n de eventos cuenta con las siguientes amenidades: Barra para barman Recepci\u00f3n Ba\u00f1os para [&hellip;]<\/p>\n","protected":false},"author":3,"featured_media":515,"parent":0,"menu_order":0,"comment_status":"closed","ping_status":"closed","template":"","meta":{"_genesis_hide_title":false,"_genesis_hide_breadcrumbs":false,"_genesis_hide_singular_image":false,"_genesis_hide_footer_widgets":false,"_genesis_custom_body_class":"","_genesis_custom_post_class":"","_genesis_layout":"","footnotes":""},"class_list":{"0":"post-21","1":"page","2":"type-page","3":"status-publish","4":"has-post-thumbnail","6":"entry"},"_links":{"self":[{"href":"https:\/\/hotelinnsur.com.mx\/index.php?rest_route=\/wp\/v2\/pages\/21","targetHints":{"allow":["GET"]}}],"collection":[{"href":"https:\/\/hotelinnsur.com.mx\/index.php?rest_route=\/wp\/v2\/pages"}],"about":[{"href":"https:\/\/hotelinnsur.com.mx\/index.php?rest_route=\/wp\/v2\/types\/page"}],"author":[{"embeddable":true,"href":"https:\/\/hotelinnsur.com.mx\/index.php?rest_route=\/wp\/v2\/users\/3"}],"replies":[{"embeddable":true,"href":"https:\/\/hotelinnsur.com.mx\/index.php?rest_route=%2Fwp%2Fv2%2Fcomments&post=21"}],"version-history":[{"count":12,"href":"https:\/\/hotelinnsur.com.mx\/index.php?rest_route=\/wp\/v2\/pages\/21\/revisions"}],"predecessor-version":[{"id":818,"href":"https:\/\/hotelinnsur.com.mx\/index.php?rest_route=\/wp\/v2\/pages\/21\/revisions\/818"}],"wp:featuredmedia":[{"embeddable":true,"href":"https:\/\/hotelinnsur.com.mx\/index.php?rest_route=\/wp\/v2\/media\/515"}],"wp:attachment":[{"href":"https:\/\/hotelinnsur.com.mx\/index.php?rest_route=%2Fwp%2Fv2%2Fmedia&parent=21"}],"curies":[{"name":"wp","href":"https:\/\/api.w.org\/{rel}","templated":true}]}}