{"id":25,"date":"2019-07-19T11:17:09","date_gmt":"2019-07-19T17:17:09","guid":{"rendered":"http:\/\/innsurhotel.com.mx\/?page_id=25"},"modified":"2021-11-09T23:11:38","modified_gmt":"2021-11-10T05:11:38","slug":"contacto","status":"publish","type":"page","link":"https:\/\/hotelinnsur.com.mx\/?page_id=25","title":{"rendered":"Contacto"},"content":{"rendered":"\n<div class=\"btb-contact-page-1\">\n  <div class=\"wrap\">\n    <div class=\"btb-contact-text one-half first\">\n      <h2>Cont\u00e1ctanos<\/h2>\n        <p>Si tienes alguna duda o alg\u00fan requerimiento especial por favor cont\u00e1ctanos y te responderemos a la brevedad.<\/p>\n        <p class=\"btb-contact-info\"><i class=\"fas fa-hotel\"><\/i> Insurgentes Sur No. 4265, Col. Santa \u00darsula Xitla, Tlalpan, Ciudad de M\u00e9xico, 14430<\/p>\n        <p class=\"btb-contact-info\"><i class=\"fas fa-envelope\"><\/i> <a href=\"mailto:reservaciones@hotelinnsur.com.mx\">reservaciones@hotelinnsur.com.mx<\/a><\/p>\n        <p class=\"btb-contact-info\"><i class=\"fas fa-mobile-alt\"><\/i> <a href=\"tel:+525555133738\"> 55 5513 3738<\/a><\/p>\n    <\/div>\n\n    <div class=\"btb-contact-form one-half\">\n      \n<div class=\"wpcf7 no-js\" id=\"wpcf7-f269-o1\" lang=\"es-MX\" dir=\"ltr\" data-wpcf7-id=\"269\">\n<div class=\"screen-reader-response\"><p role=\"status\" aria-live=\"polite\" aria-atomic=\"true\"><\/p> <ul><\/ul><\/div>\n<form action=\"\/index.php?rest_route=%2Fwp%2Fv2%2Fpages%2F25#wpcf7-f269-o1\" method=\"post\" class=\"wpcf7-form init\" aria-label=\"Formulario de contacto\" novalidate=\"novalidate\" data-status=\"init\">\n<div style=\"display: none;\">\n<input type=\"hidden\" name=\"_wpcf7\" value=\"269\" \/>\n<input type=\"hidden\" name=\"_wpcf7_version\" value=\"6.0.6\" \/>\n<input type=\"hidden\" name=\"_wpcf7_locale\" value=\"es_MX\" \/>\n<input type=\"hidden\" name=\"_wpcf7_unit_tag\" value=\"wpcf7-f269-o1\" \/>\n<input type=\"hidden\" name=\"_wpcf7_container_post\" value=\"0\" \/>\n<input type=\"hidden\" name=\"_wpcf7_posted_data_hash\" value=\"\" \/>\n<\/div>\n<p><span class=\"wpcf7-form-control-wrap\" data-name=\"your-name\"><input size=\"40\" maxlength=\"400\" class=\"wpcf7-form-control wpcf7-text wpcf7-validates-as-required\" aria-required=\"true\" aria-invalid=\"false\" placeholder=\"Nombre *\" value=\"\" type=\"text\" name=\"your-name\" \/><\/span><br \/>\n<span class=\"wpcf7-form-control-wrap\" data-name=\"your-email\"><input size=\"40\" maxlength=\"400\" class=\"wpcf7-form-control wpcf7-email wpcf7-validates-as-required wpcf7-text wpcf7-validates-as-email\" aria-required=\"true\" aria-invalid=\"false\" placeholder=\"E-mail *\" value=\"\" type=\"email\" name=\"your-email\" \/><\/span>\n<\/p>\n<p><span class=\"wpcf7-form-control-wrap\" data-name=\"your-subject\"><input size=\"40\" maxlength=\"400\" class=\"wpcf7-form-control wpcf7-tel wpcf7-text wpcf7-validates-as-tel\" aria-invalid=\"false\" placeholder=\"Tel\u00e9fono\" value=\"\" type=\"tel\" name=\"your-subject\" \/><\/span>\n<\/p>\n<p><span class=\"wpcf7-form-control-wrap\" data-name=\"your-message\"><textarea cols=\"40\" rows=\"6\" maxlength=\"2000\" class=\"wpcf7-form-control wpcf7-textarea\" aria-invalid=\"false\" placeholder=\"\u00bfC\u00f3mo podemos ayudarte?\" name=\"your-message\"><\/textarea><\/span>\n<\/p>\n<p><span class=\"wpcf7-form-control-wrap\" data-name=\"acceptance-844\"><span class=\"wpcf7-form-control wpcf7-acceptance\"><span class=\"wpcf7-list-item\"><label><input type=\"checkbox\" name=\"acceptance-844\" value=\"1\" aria-invalid=\"false\" \/><span class=\"wpcf7-list-item-label\">No soy robot<\/span><\/label><\/span><\/span><\/span>\n<\/p>\n<p><input class=\"wpcf7-form-control wpcf7-submit has-spinner\" type=\"submit\" value=\"ENVIAR\" \/>\n<\/p><input type='hidden' class='wpcf7-pum' value='{\"closepopup\":false,\"closedelay\":0,\"openpopup\":false,\"openpopup_id\":0}' \/><div class=\"wpcf7-response-output\" aria-hidden=\"true\"><\/div>\n<\/form>\n<\/div>\n\n    <\/div>\n\n  <\/div>\n <\/div>\n\n\n <div class=\"btb-contact-page-2\">\n   <div class=\"wrap\">\n     <h3>Vis\u00edtanos<\/h3>\n   <div class=\"bdtb-location-map-shortcode\"><center>\n<iframe src=\"https:\/\/www.google.com\/maps\/embed?pb=!1m14!1m8!1m3!1d3766.03566450503!2d-99.1740503!3d19.2808152!3m2!1i1024!2i768!4f13.1!3m3!1m2!1s0x85ce008dcd7e0869%3A0x1639ee4e883742ce!2sHotel%20Innsur!5e0!3m2!1ses!2smx!4v1636520665366!5m2!1ses!2smx\" width=1000\" height=\"450\" style=\"border:0;\" allowfullscreen=\"\" loading=\"lazy\"><\/iframe><\/center>\n\t<\/div>\n   <\/div>\n  <\/div>\n","protected":false},"excerpt":{"rendered":"<p>Cont\u00e1ctanos Si tienes alguna duda o alg\u00fan requerimiento especial por favor cont\u00e1ctanos y te responderemos a la brevedad. Insurgentes Sur No. 4265, Col. Santa \u00darsula Xitla, Tlalpan, Ciudad de M\u00e9xico, 14430 reservaciones@hotelinnsur.com.mx 55 5513 3738 Vis\u00edtanos<\/p>\n","protected":false},"author":3,"featured_media":454,"parent":0,"menu_order":0,"comment_status":"closed","ping_status":"closed","template":"","meta":{"_genesis_hide_title":false,"_genesis_hide_breadcrumbs":false,"_genesis_hide_singular_image":false,"_genesis_hide_footer_widgets":false,"_genesis_custom_body_class":"","_genesis_custom_post_class":"","_genesis_layout":"","footnotes":""},"class_list":{"0":"post-25","1":"page","2":"type-page","3":"status-publish","4":"has-post-thumbnail","6":"entry"},"_links":{"self":[{"href":"https:\/\/hotelinnsur.com.mx\/index.php?rest_route=\/wp\/v2\/pages\/25","targetHints":{"allow":["GET"]}}],"collection":[{"href":"https:\/\/hotelinnsur.com.mx\/index.php?rest_route=\/wp\/v2\/pages"}],"about":[{"href":"https:\/\/hotelinnsur.com.mx\/index.php?rest_route=\/wp\/v2\/types\/page"}],"author":[{"embeddable":true,"href":"https:\/\/hotelinnsur.com.mx\/index.php?rest_route=\/wp\/v2\/users\/3"}],"replies":[{"embeddable":true,"href":"https:\/\/hotelinnsur.com.mx\/index.php?rest_route=%2Fwp%2Fv2%2Fcomments&post=25"}],"version-history":[{"count":5,"href":"https:\/\/hotelinnsur.com.mx\/index.php?rest_route=\/wp\/v2\/pages\/25\/revisions"}],"predecessor-version":[{"id":811,"href":"https:\/\/hotelinnsur.com.mx\/index.php?rest_route=\/wp\/v2\/pages\/25\/revisions\/811"}],"wp:featuredmedia":[{"embeddable":true,"href":"https:\/\/hotelinnsur.com.mx\/index.php?rest_route=\/wp\/v2\/media\/454"}],"wp:attachment":[{"href":"https:\/\/hotelinnsur.com.mx\/index.php?rest_route=%2Fwp%2Fv2%2Fmedia&parent=25"}],"curies":[{"name":"wp","href":"https:\/\/api.w.org\/{rel}","templated":true}]}}